+ 7*k**2 - 5*k + 9. Let s(m) = m**3 + 11*m**2 - 6*m - 74. Let g be s(-11). Determine a(g).
-15
Let c(x) = -x**2 - x - 2. Let q = 3 + 2. Suppose n - 2*n = q. Let w = -8 - n. Determine c(w).
-8
Let d be ((-9)/(-4))/(27/(-12) + 3). Let h(u) = -u**2 - 6 - 8*u + 13*u - 3*u**2 + d*u**2. Calculate h(4).
-2
Let m(w) = -5*w**2 - 21*w - 6. Let q(k) = -k**2 - 2*k + 1. Let x(c) = m(c) - 4*q(c). Calculate x(-10).
20
Let f(c) = -11*c**2 + 10*c - 7. Let p(u) = -3*u**2 + u. Let q(k) = -f(k) + 4*p(k). Calculate q(-7).
0
Let q = 96 - 65. Let d = q - 31. Let c(f) = -5*f**3 + 6*f**2 - 6*f + 5. Let s(y) = -11*y**3 + 13*y**2 - 13*y + 11. Let r(u) = -13*c(u) + 6*s(u). Give r(d).
1
Suppose 2*v = 4*h + 16, -5*h = -3*v + v + 21. Let a be -10*5/h*8. Let u be 16/10 - 48/a. Let m(g) = -9*g**2 + 1. What is m(u)?
-8
Suppose 5*n - 2 = 2*p, -2*p = -5*p + 4*n + 4. Let u(j) = j**2 + 5*j - 6*j + p + 5*j + j. Determine u(-3).
-2
Let z = 1 - 2. Let d(i) be the third derivative of -4*i**5/15 - i**3/6 + 47*i**2. Determine d(z).
-17
Let y(o) = 16*o + 6*o + 42*o**2 - 6*o - 50*o**2 - 3. Give y(2).
-3
Let v be (-1 - (3 + -7))/((-6)/920). Let z be v/(-70) - 4/7. Let l(g) = g**2 - 8*g + 2. Give l(z).
-10
Let c(o) = -o**2 + 4*o - 1. Let u be (-1 - -1)/((-2)/2). Suppose 0 = x - u*x. Let g = 3 + x. Calculate c(g).
2
Let r(a) be the second derivative of -a**3/6 + 10*a**2 - 3*a + 12. Give r(-5).
25
Let u(w) = -w**2 + w + 7. Let j = 260 - 260. What is u(j)?
7
Suppose 0 = 40*d - 38*d - 16. Suppose -4*c = -7*c - 2*u - d, -u = c + 1. Let s(x) = -x - 6. Determine s(c).
0
Let n = 15 - -64. Let r = n - 75. Let g(d) = 2*d - 1. Let h(q) = 2*q - 2. Let c(i) = -5*g(i) + 4*h(i). Calculate c(r).
-11
Let h(v) be the second derivative of -1/2*v**2 + 0*v**3 + 0 - 3/20*v**5 - 3*v + 1/6*v**4. Suppose q + 1 = 0, -5*q - 4 = -y - 0*y. What is h(y)?
4
Let r(c) = -3*c - 4. Suppose 0 = -5*x + 4*b + 24 - 41, -4 = 2*b. Give r(x).
11
Let a(x) = -x**3 - 5*x**2 - 3*x + 3. Suppose -33*r = -36*r + 5*q - 19, 3*q = -r + 3. Calculate a(r).
-6
Suppose -44*z = -52*z - 16. Let k(f) = -f**3 + f**2 - 3*f - 2. Determine k(z).
16
Let j(m) = -7*m + 12 - 49 + 22 + 26 - m**2. Give j(-10).
-19
Let p(h) be the first derivative of -h**4/4 - 3*h**3 + h**2/2 - 4*h + 255. Calculate p(-9).
-13
Let t(u) be the first derivative of -u**3 - u**2 - 2*u - 20 + 1/4*u**4. Let p(v) = v**3 - 6*v**2 + 7*v - 7. Let c be p(5). Determine t(c).
-8
Let j(d) = -10*d - 8*d - 4*d + 29*d. Let t be (6/(-15))/(1/(-5)). Suppose 3*g + 5 = -2*g + 2*c, g + 1 = -t*c. Determine j(g).
-7
Let k = -337 - -342. Let a(z) = 4*z + 12. What is a(k)?
32
Let w(o) = 41*o + 5. Let c(m) = 14*m + 2. Let p(r) = 8*c(r) - 3*w(r). Let x(q) = -q - 6. Let v be x(-5). Give p(v).
12
Let o(i) = i**3 + 3*i**2 - 8*i - 4. Suppose 20*s + 20 = 16*s. Determine o(s).
-14
Let s(r) = -2*r**3 - r**2 + 36*r + 2. Let f be s(4). Let k(b) = -b + 2. What is k(f)?
0
Let w be 4 - (-3 + 12 + -8 - 9). Let x(b) = -5*b + 59. Calculate x(w).
-1
Let r be 504/294 + 3/(63/6). Let f(v) = 9*v - 1. Calculate f(r).
17
Let p(v) = v**2 + 9*v - 18. Let q be p(-11). Suppose 9 = -3*y, q*u + 1 = 4*y - 7. Let x(w) = w**2 + 6*w + 7. Determine x(u).
2
Let u(w) = -w**3 - 4*w**2 - w - 1. Let a = -517 + 513. What is u(a)?
3
Let p(w) = -w**3 + 2*w**2 + 3*w - 3. Let l = 710 - 713. Give p(l).
33
Let n(j) = 7*j - 1. Let p be (-20)/(-30) - 17/3. Let m(y) = -4*y + 1. Let u(i) = p*m(i) - 3*n(i). Let a be ((-3)/(-2) + 1)*-2. What is u(a)?
3
Let l = -253 - -264. Let n(p) = p**3 - 11*p**2 + 3*p - 14. Give n(l).
19
Let y(h) = 4*h + 1. Let k(i) = i**2 + 12*i - 7. Let v be k(-14). Let z be (v/14)/((-1)/(-2)). Calculate y(z).
13
Let s(q) = -103 + 2*q - 93 + 280 - 87. Give s(9).
15
Let q(f) be the second derivative of -f**4/12 + f**3/6 + 221*f. Let p be (2/6)/((-4)/(-36)). Determine q(p).
-6
Let j(b) = b - 7. Let z = 0 + 0. Suppose -2*l - 3*l - 20 = z. Let q be 12/7*(-14)/l. Give j(q).
-1
Let b(m) = -9*m + 29. Let i(x) = 3*x - 10. Let c(o) = -4*b(o) - 11*i(o). Suppose 2*n - 6 = 5*n. Let s be (5 - n) + (4 - 7). Calculate c(s).
6
Suppose 2*w - 9*w + 14 = 0. Let a(l) = -17*l**2 + l**3 + 3*l + 0*l**w + 5*l**2 + 3 + 8*l**2. What is a(3)?
3
Suppose 0 = -82*s + 157*s - 300. Let d(r) = -3*r + 15. Determine d(s).
3
Let x(o) = -o**2 + 6*o - 6. Let l be (-1)/(-3)*(30 + -15). What is x(l)?
-1
Let q be (-630)/(-56) - 1/4. Suppose 0 = -2*l + q + 3. Let s = -10 + l. Let z(g) = -g. What is z(s)?
3
Let t(k) = k + 11. Let x(w) = -3*w**2 - w. Let o = 12 + -11. Let j be x(o). Let f be (0 - 0)*j/(-8). What is t(f)?
11
Let a(u) = -2*u + 19. Let i(h) = h - 10. Suppose -p + 4*z = -3 - 5, -p - 1 = 5*z. Let t(j) = p*a(j) + 7*i(j). What is t(-6)?
12
Let h(w) = w**2 - w - 6. Let s(z) = z**2 - 2*z - 7. Let f(b) = 4*h(b) - 3*s(b). Let x(y) = y**2 + 25*y + 48. Let g be x(-23). What is f(g)?
5
Let h be 1 + 3 + (2 - (-1 + 6)). Let m(r) = 5*r - 10. Let z(v) = -v + 1. Let q(x) = h*m(x) + 4*z(x). Determine q(0).
-6
Let p(t) be the first derivative of -t**4/4 - 4*t**3/3 + 9*t**2/2 + 12*t - 167. What is p(-5)?
-8
Let j(z) = -2*z - 21. Let d be j(-12). Let g(w) = w**3 - 5*w**2 + 4*w + 2. Let v be g(4). Let i(o) = 0 - v + 7*o - 5*o + 3. What is i(d)?
7
Let p = 133 - 142. Let d(k) = 3*k + 4. Give d(p).
-23
Let n = 10 - 6. Let c(p) be the first derivative of -p**4/4 + p**3 + 3*p**2 - 5*p - 8007. Calculate c(n).
3
Let j(y) = -2*y**2 + 8. Let r be ((-12)/(-14))/((-1035)/126 - -8). Give j(r).
-24
Let o = -21 - -37. Suppose n + 3*n + o = 0. Let s(v) = -2 + 56649*v**3 - 56648*v**3 + v**2 + 2*v**2 - 5*v. Calculate s(n).
2
Let g(s) = -s**3 + s**2 + 6. Let f(x) = -14*x - 4*x**3 + x**3 - 2*x**2 + 2*x**3 - 7*x**2. Let z be f(-7). What is g(z)?
6
Let b(m) = m**2 + 5*m + 6. Let y be -2*2/(-4) + 6 + 1. Suppose -a = -2*s - y, -4*s - 7 = -4*a + 9. Calculate b(s).
2
Let w(m) = 6*m + 1. Let r(l) = -2*l - 40. Let b be r(12). Let j = -66 - b. What is w(j)?
-11
Let u(l) = 0*l**2 - 2*l**2 + 1 + 4*l**2. Suppose -3*o + 19 = 22. Give u(o).
3
Let o(m) = -m + 5. Let i = 1 - 1. Let x = -1 - i. Let h(n) = -n**3 - 1. Let v be h(x). Determine o(v).
5
Suppose 40*g - 44*g + 29 = 3*j, -6 = 3*j - 3*g. Let n(r) = 1 + 4*r + 0*r - 8*r. What is n(j)?
-11
Suppose -2*u = -4*s + 26, u + 0*s + 18 = 3*s. Let g(o) be the third derivative of 0 + 10*o**2 + 2/3*o**3 + 1/12*o**4 + 0*o. Give g(u).
-2
Let o(j) be the second derivative of 1/3*j**3 + 0 - 2*j**2 + 7*j. What is o(5)?
6
Let q(y) = -4*y**2 + y + 25 - y**2 - 11 - 13. Let p(g) = g**3 + 4*g**2 - g - 5. Let o be p(-4). What is q(o)?
-5
Let z(j) = 16*j + 1. Let s be z(-5). Let m = s + 82. Let l(p) = -p - 2. Calculate l(m).
-5
Let c(v) = -v**3 + 14*v**2 + 15*v + 14. Suppose -42 = -2*u + 7*t - 11*t, -4*u + 63 = t. Calculate c(u).
14
Let z(s) = 4*s**2 - 1. Suppose 5*r = -6*r - 22. Determine z(r).
15
Let a be -2 + 2 + (3 - 2). Let o be 20/(-4) - -3 - a. Let c(r) = -r - 3. What is c(o)?
0
Let b(h) = 5*h. Let u(f) = -f**3 + 6*f**2 - 6*f + 6. Let n(q) = -q**2 - 7*q - 7. Let s be n(-4). Let d be u(s). Calculate b(d).
5
Let q(i) be the third derivative of -i**4/8 + 13*i**3/2 - 111*i**2. Determine q(12).
3
Suppose 1679 - 1721 = 7*m. Let n(x) = x**3 + 6*x**2 + 5*x - 4. Calculate n(m).
-34
Let d(s) = -594*s**2 - 20*s + 5 + 596*s**2 + 6*s. Determine d(6).
-7
Let n be 9/2*8/6. Let b(t) = -9*t**3 + 2*t. Let r(q) = -10*q**3 + 16*q**3 + q - 4*q**3 - 7*q**3. Let w(l) = n*b(l) - 11*r(l). Calculate w(0).
0
Let h(w) = w**2 + 16*w + 15. Let g be h(-15). Suppose 4*b - 2*b - 10 = g. Let o be (-2)/b - (-38)/95. Let m(c) = -c**3 + c**2 - c - 4. Calculate m(o).
-4
Suppose 5*i = 3*k + 14, k - i - 2 = -4. Suppose 6*h = -k - 4. Let t(v) = -12*v**2 - v - 1. Calculate t(h).
-12
Let n be (4/5)/((-6)/165). Suppose 0*o - 3*r + 11 = o, 36 = 5*o - 4*r. Let w be 2/8 - n/o. Let b(l) = -l**2 + 2*l + 4. Calculate b(w).
1
Let j(n) = 27*n**2 - 6*n - 7. Let g(k) = -25*k**2 + 5*k + 6. Let u(i) = 6*g(i) + 5*j(i). Give u(1).
-14
Let p(h) = 5*h + 1 + 11011*h**2 - 5*h - 11010*h**2 + h**3. Give p(2).
13
Let a(w) = -w**2 + 4*w + 8. Suppose -4*z = -99 - 113. Let d = -47 + z. Determine a(d).
-4
Let f(l) be the first derivative of l**4/4 + 13*l**3/3 + 7*l**2 + 5*l - 20. Determine f(-12).
-19
Let t(y) = -3*y - 30. Let n(s) = -s - 14. Let x(v) = -7*n(v) + 3*t(v). Calculate x(6).
-4
Let j be (-2717)/(-55) + (-3)/(-5). Let p = j - 46.